{"id":3534,"date":"2025-12-05T19:40:04","date_gmt":"2025-12-05T18:40:04","guid":{"rendered":"https:\/\/kaptech.be\/?page_id=3534"},"modified":"2026-02-08T21:07:01","modified_gmt":"2026-02-08T20:07:01","slug":"services-annuels","status":"publish","type":"page","link":"https:\/\/kaptech.be\/?page_id=3534","title":{"rendered":"Services annuels"},"content":{"rendered":"\n<section id=\"services\" class=\"wp-block-themeisle-blocks-advanced-columns alignfull has-1-columns has-desktop-equal-layout has-tablet-equal-layout has-mobile-equal-layout has-vertical-flex-start has-light-bg\"><div class=\"wp-block-themeisle-blocks-advanced-columns-overlay\"><\/div><div class=\"innerblocks-wrap\">\n<div id=\"wp-block-themeisle-blocks-advanced-column-9642dc3f\" class=\"wp-block-themeisle-blocks-advanced-column\">\n<section id=\"wp-block-themeisle-blocks-advanced-columns-c568fbc0\" class=\"wp-block-themeisle-blocks-advanced-columns has-2-columns has-desktop-equal-layout has-tablet-equal-layout has-mobile-collapsedRows-layout has-vertical-flex-start has-light-bg\"><div class=\"wp-block-themeisle-blocks-advanced-columns-overlay\"><\/div><div class=\"innerblocks-wrap\">\n<div id=\"wp-block-themeisle-blocks-advanced-column-a0efaca1\" class=\"wp-block-themeisle-blocks-advanced-column has-light-bg\">\n<figure class=\"wp-block-image size-full has-custom-border\"><img loading=\"lazy\" decoding=\"async\" width=\"600\" height=\"300\" src=\"https:\/\/kaptech.be\/wp-content\/uploads\/2025\/12\/8080028846_010790c8e8_b.jpg\" alt=\"\" class=\"wp-image-3542\" style=\"border-style:none;border-width:0px;border-radius:0px\" srcset=\"https:\/\/kaptech.be\/wp-content\/uploads\/2025\/12\/8080028846_010790c8e8_b.jpg 600w, https:\/\/kaptech.be\/wp-content\/uploads\/2025\/12\/8080028846_010790c8e8_b-300x150.jpg 300w\" sizes=\"auto, (max-width: 600px) 100vw, 600px\" \/><\/figure>\n\n\n\n<div id=\"wp-block-themeisle-blocks-advanced-columns-9ba29e73\" class=\"wp-block-themeisle-blocks-advanced-columns has-1-columns has-desktop-equal-layout has-tablet-equal-layout has-mobile-equal-layout has-vertical-unset has-default-gap\"><div class=\"wp-block-themeisle-blocks-advanced-columns-overlay\"><\/div><div class=\"innerblocks-wrap\">\n<div id=\"wp-block-themeisle-blocks-advanced-column-ff89ae48\" class=\"wp-block-themeisle-blocks-advanced-column\">\n<h4 class=\"wp-block-heading has-text-color has-link-color wp-elements-df61242ff772d89586fc3346926ecb2c\" style=\"color:#070731;margin-top:0px\">Impression 3D<\/h4>\n\n\n\n<p class=\"has-text-color has-link-color wp-elements-ea87b9d6db5e2eab55d6c17b0817b62b\" style=\"color:#070731\">L&#8217;impression 3D permet \u00e0 quiconque de cr\u00e9er rapidement un objet comme il le con\u00e7oit. Que ce soit pour r\u00e9parer un pied de chaise, d\u00e9corer son kot ou simplement un utilitaire bien pens\u00e9, quasi tout est possible !<\/p>\n\n\n\n<h6 class=\"wp-block-heading has-text-color\" style=\"color:#fdb72b\">Caract\u00e9ristiques<\/h6>\n\n\n\n<figure class=\"wp-block-table is-style-stripes\"><table class=\"has-fixed-layout\"><tbody><tr><td>Prix<\/td><td>0,09 \u20ac\/gr.<br>1\u20ac\/porte-cl\u00e9<\/td><\/tr><tr><td>Dimensions<\/td><td>250mm*250mm*200mm<\/td><\/tr><tr><td>Mat\u00e9riaux<\/td><td>PLA, PETG, TPU<\/td><\/tr><tr><td>Machine <\/td><td>Bambulab P1P<\/td><\/tr><\/tbody><\/table><\/figure>\n\n\n\n<p>N&#8217;h\u00e9sitez vraiment pas si vous avez des questions ou vous voulez faire une impression, contactez-nous ici:<\/p>\n\n\n\n<div class=\"wp-block-buttons is-content-justification-center is-layout-flex wp-container-core-buttons-is-layout-16018d1d wp-block-buttons-is-layout-flex\">\n<div class=\"wp-block-button\"><a class=\"wp-block-button__link wp-element-button\" href=\"https:\/\/forms.gle\/DuvDaakMKBue7Sfx5\">FAIRE UNE DEMANDE!<\/a><\/div>\n<\/div>\n\n\n\n<p>Voici un petit catalogue pour vous donner des id\u00e9es\u202f! \ud83d\ude00<\/p>\n\n\n\n<p><a href=\"https:\/\/kaptech.be\/wp-content\/uploads\/2023\/11\/Catalogue-final-comp.pdf\">T\u00e9l\u00e9charger le catalogue en pdf <\/a><\/p>\n\n\n\n<p>Au plaisir de faire des impressions pour vous!! \ud83d\ude00<\/p>\n<\/div>\n<\/div><\/div>\n<\/div>\n\n\n\n<div id=\"wp-block-themeisle-blocks-advanced-column-40db6121\" class=\"wp-block-themeisle-blocks-advanced-column has-light-bg\">\n<figure class=\"wp-block-image size-full has-custom-border\"><img loading=\"lazy\" decoding=\"async\" width=\"600\" height=\"300\" src=\"https:\/\/kaptech.be\/wp-content\/uploads\/2025\/12\/20230116_125206-850x479-1.jpg\" alt=\"\" class=\"wp-image-3543\" style=\"border-style:none;border-width:0px;border-radius:0px\" srcset=\"https:\/\/kaptech.be\/wp-content\/uploads\/2025\/12\/20230116_125206-850x479-1.jpg 600w, https:\/\/kaptech.be\/wp-content\/uploads\/2025\/12\/20230116_125206-850x479-1-300x150.jpg 300w\" sizes=\"auto, (max-width: 600px) 100vw, 600px\" \/><\/figure>\n\n\n\n<div id=\"wp-block-themeisle-blocks-advanced-columns-23f47e1b\" class=\"wp-block-themeisle-blocks-advanced-columns has-1-columns has-desktop-equal-layout has-tablet-equal-layout has-mobile-equal-layout has-vertical-unset has-default-gap\"><div class=\"wp-block-themeisle-blocks-advanced-columns-overlay\"><\/div><div class=\"innerblocks-wrap\">\n<div id=\"wp-block-themeisle-blocks-advanced-column-c84a296a\" class=\"wp-block-themeisle-blocks-advanced-column\">\n<h4 class=\"wp-block-heading has-text-color has-link-color wp-elements-a16da54594a34426506542da36916855\" style=\"color:#070731;margin-top:0px\">Graveuse laser<\/h4>\n\n\n\n<p class=\"has-text-align-left has-text-color has-link-color wp-elements-59c90041cc1b0a5052c125c7e79347d9\" style=\"color:#070731\">La gravure laser permet de personnaliser originalement des objets, de cr\u00e9er des plateaux de jeux sur-mesure,&#8230;  <br> .<br> .<\/p>\n\n\n\n<h6 class=\"wp-block-heading has-text-color\" style=\"color:#fdb72b\">Caract\u00e9ristiques<\/h6>\n\n\n\n<figure class=\"wp-block-table is-style-stripes\"><table class=\"has-fixed-layout\"><tbody><tr><td>Prix<\/td><td>0,14 \u20ac\/min.<br>1\u20ac\/porte-cl\u00e9<\/td><\/tr><tr><td>Dimensions<\/td><td>300mm*300mm<\/td><\/tr><tr><td>Mat\u00e9riaux<\/td><td>Bois, acrylique opaque<\/td><\/tr><tr><td>Machine<\/td><td>Ortur Laser Master Pro 2<\/td><\/tr><\/tbody><\/table><\/figure>\n\n\n\n<p>Pour des questions relatives \u00e0 la gravure ou une commande, contactez-nous ici:<\/p>\n\n\n\n<div class=\"wp-block-buttons is-content-justification-center is-layout-flex wp-container-core-buttons-is-layout-16018d1d wp-block-buttons-is-layout-flex\">\n<div class=\"wp-block-button\"><a class=\"wp-block-button__link wp-element-button\" href=\"https:\/\/docs.google.com\/forms\/d\/e\/1FAIpQLSe7kW_IzX0Tlq5gmDOkwn5iD93_Z4M8tWKUlqPt8e6l8uEneg\/viewform?usp=dialog\">FAIRE UNE DEMANDE!<\/a><\/div>\n<\/div>\n<\/div>\n<\/div><\/div>\n<\/div>\n<\/div><\/section>\n<\/div>\n<\/div><\/section>\n\n\n\n<p>Vous retrouverez \u00e9videmment une \u00e9norme collection de mod\u00e8les 3D et de designs \u00e0 graver sur des sites internets tels que Thingiverse, MakerWorld, Printables,&#8230;<\/p>\n","protected":false},"excerpt":{"rendered":"<p>Vous retrouverez \u00e9videmment une \u00e9norme collection de mod\u00e8les 3D et de designs \u00e0 graver sur des sites internets tels que Thingiverse, MakerWorld, Printables,&#8230;<\/p>\n","protected":false},"author":1,"featured_media":0,"parent":0,"menu_order":0,"comment_status":"closed","ping_status":"closed","template":"","meta":{"neve_meta_sidebar":"","neve_meta_container":"","neve_meta_enable_content_width":"","neve_meta_content_width":0,"neve_meta_title_alignment":"","neve_meta_author_avatar":"","neve_post_elements_order":"","neve_meta_disable_header":"","neve_meta_disable_footer":"","neve_meta_disable_title":"","_themeisle_gutenberg_block_has_review":false,"footnotes":""},"class_list":["post-3534","page","type-page","status-publish","hentry"],"_links":{"self":[{"href":"https:\/\/kaptech.be\/index.php?rest_route=\/wp\/v2\/pages\/3534","targetHints":{"allow":["GET"]}}],"collection":[{"href":"https:\/\/kaptech.be\/index.php?rest_route=\/wp\/v2\/pages"}],"about":[{"href":"https:\/\/kaptech.be\/index.php?rest_route=\/wp\/v2\/types\/page"}],"author":[{"embeddable":true,"href":"https:\/\/kaptech.be\/index.php?rest_route=\/wp\/v2\/users\/1"}],"replies":[{"embeddable":true,"href":"https:\/\/kaptech.be\/index.php?rest_route=%2Fwp%2Fv2%2Fcomments&post=3534"}],"version-history":[{"count":11,"href":"https:\/\/kaptech.be\/index.php?rest_route=\/wp\/v2\/pages\/3534\/revisions"}],"predecessor-version":[{"id":3569,"href":"https:\/\/kaptech.be\/index.php?rest_route=\/wp\/v2\/pages\/3534\/revisions\/3569"}],"wp:attachment":[{"href":"https:\/\/kaptech.be\/index.php?rest_route=%2Fwp%2Fv2%2Fmedia&parent=3534"}],"curies":[{"name":"wp","href":"https:\/\/api.w.org\/{rel}","templated":true}]}}